lculate the greatest common factor of 56 and 434.
14
Calculate the highest common factor of 91 and 3289.
13
What is the greatest common divisor of 6698 and 544?
34
What is the greatest common factor of 99 and 11814?
33
Calculate the greatest common divisor of 175 and 50.
25
What is the greatest common divisor of 5 and 35?
5
What is the highest common divisor of 3586 and 462?
22
Calculate the highest common divisor of 64 and 8.
8
Calculate the highest common divisor of 459 and 527.
17
Calculate the highest common factor of 1904 and 119.
119
What is the greatest common divisor of 1881 and 33?
33
What is the highest common divisor of 36 and 9?
9
Calculate the highest common divisor of 2 and 21.
1
Calculate the highest common factor of 6 and 3426.
6
What is the highest common divisor of 93 and 248?
31
What is the greatest common factor of 14 and 224?
14
Calculate the greatest common divisor of 1736 and 7.
7
What is the highest common factor of 3200 and 50?
50
Calculate the greatest common factor of 275 and 44.
11
What is the greatest common factor of 35 and 434?
7
What is the highest common factor of 112 and 21?
7
What is the highest common factor of 92 and 6?
2
Calculate the greatest common divisor of 30 and 1230.
30
What is the greatest common divisor of 3 and 111?
3
What is the highest common divisor of 4216 and 992?
248
Calculate the greatest common divisor of 301 and 38829.
301
Calculate the greatest common divisor of 3528 and 198.
18
Calculate the highest common divisor of 121 and 7139.
121
Calculate the greatest common factor of 476 and 112.
28
Calculate the highest common factor of 24 and 126.
6
What is the greatest common factor of 223 and 892?
223
Calculate the greatest common divisor of 36 and 198.
18
Calculate the highest common divisor of 968 and 528.
88
Calculate the highest common divisor of 15 and 769.
1
Calculate the highest common factor of 858 and 338.
26
Calculate the highest common factor of 9 and 81.
9
What is the greatest common divisor of 68 and 8?
4
What is the greatest common divisor of 180 and 20?
20
Calculate the highest common factor of 380 and 8170.
190
Calculate the highest common divisor of 351 and 11.
1
Calculate the greatest common factor of 946 and 6794.
86
Calculate the highest common factor of 2752 and 432.
16
What is the greatest common factor of 15 and 4395?
15
Calculate the greatest common divisor of 527 and 34.
17
Calculate the greatest common divisor of 81 and 18.
9
Calculate the highest common divisor of 6 and 2.
2
Calculate the greatest common divisor of 32 and 139.
1
Calculate the highest common factor of 20 and 9140.
20
What is the greatest common factor of 78 and 351?
39
What is the highest common factor of 1305 and 6003?
261
What is the greatest common factor of 77 and 35?
7
What is the highest common factor of 174 and 4118?
58
Calculate the highest common factor of 14604 and 12.
12
Calculate the greatest common factor of 6216 and 40.
8
Calculate the highest common divisor of 459 and 255.
51
What is the greatest common divisor of 448 and 192?
64
Calculate the greatest common divisor of 5385 and 30.
15
What is the highest common divisor of 85 and 170?
85
Calculate the greatest common factor of 35076 and 158.
158
What is the greatest common factor of 8 and 34448?
8
What is the highest common divisor of 1748 and 25783?
437
What is the greatest common factor of 1276 and 464?
116
Calculate the highest common divisor of 4715 and 1640.
205
What is the highest common divisor of 60 and 204?
12
What is the highest common divisor of 150 and 252?
6
What is the highest common divisor of 6 and 438?
6
Calculate the greatest common divisor of 309 and 515.
103
Calculate the highest common factor of 75 and 99.
3
Calculate the highest common factor of 82 and 4551.
41
What is the highest common factor of 14066 and 26?
26
Calculate the highest common divisor of 156 and 39.
39
What is the highest common divisor of 29 and 1?
1
What is the highest common divisor of 105 and 35?
35
Calculate the greatest common divisor of 12 and 11652.
12
What is the greatest common factor of 296 and 28268?
148
Calculate the greatest common factor of 272 and 1938.
34
Calculate the highest common divisor of 272 and 85.
17
What is the highest common divisor of 122 and 549?
61
Calculate the greatest common divisor of 768 and 48.
48
What is the greatest common factor of 403 and 13?
13
Calculate the greatest common factor of 3372 and 300.
12
What is the greatest common factor of 1 and 17?
1
Calculate the highest common divisor of 1337 and 7.
7
What is the greatest common factor of 460 and 40?
20
Calculate the greatest common factor of 1185 and 25.
5
What is the greatest common divisor of 7 and 8099?
7
What is the greatest common divisor of 96 and 36?
12
Calculate the highest common factor of 3246 and 18.
6
Calculate the highest common divisor of 8 and 14.
2
Calculate the greatest common factor of 116 and 2581.
29
What is the greatest common factor of 184 and 782?
46
Calculate the highest common factor of 162 and 27.
27
What is the greatest common divisor of 1908 and 36?
36
Calculate the greatest common divisor of 6425 and 25.
25
Calculate the greatest common factor of 6 and 63.
3
What is the highest common divisor of 52 and 130?
26
Calculate the highest common factor of 369 and 62361.
369
Calculate the highest common factor of 120 and 2800.
40
What is the highest common divisor of 90 and 63?
9
What is the highest common factor of 16 and 68?
4
What is the greatest common factor of 120 and 540?
60
What is the highest common factor of 36 and 4884?
12
Calculate the highest common factor of 57424 and 194.
194
What is the highest common factor of 92 and 1472?
92
What is the greatest common divisor of 3 and 186?
3
Calculate the highest common factor of 61 and 2623.
61
Calculate the greatest common factor of 68 and 18428.
68
What is the greatest common factor of 187 and 204?
17
Calculate the greatest common divisor of 692 and 4.
4
What is the highest common divisor of 32 and 1744?
16
What is the highest common divisor of 45 and 2445?
15
What is the greatest common divisor of 7 and 553?
7
What is the highest common factor of 9 and 25020?
9
What is the greatest common divisor of 19 and 47?
1
Calculate the highest common divisor of 7172 and 220.
44
Calculate the highest common factor of 5156 and 4.
4
Calculate the highest common divisor of 222 and 24.
6
What is the greatest common factor of 1520 and 9728?
304
Calculate the greatest common divisor of 450 and 50.
50
What is the highest common factor of 9427 and 22?
11
What is the highest common factor of 2860 and 55?
55
Calculate the greatest common factor of 430 and 12685.
215
What is the greatest common factor of 90 and 20940?
30
What is the greatest common factor of 30640 and 32?
16
Calculate the greatest common divisor of 5 and 11345.
5
What is the greatest common factor of 82 and 10?
2
What is the highest common divisor of 696 and 6?
6
What is the greatest common divisor of 1071 and 63?
63
Calculate the highest common divisor of 8151 and 11.
11
Calculate the highest common divisor of 1936 and 440.
88
Calculate the greatest common factor of 75 and 75.
75
Calculate the greatest common divisor of 1 and 157.
1
Calculate the highest common divisor of 264 and 60.
12
Calculate the greatest common factor of 7 and 120449.
7
What is the greatest common divisor of 437 and 23?
23
Calculate the greatest common factor of 2128 and 133.
133
Calculate the greatest common divisor of 12878 and 548.
274
Calculate the greatest common factor of 8 and 71.
1
Calculate the highest common factor of 22 and 1.
1
What is the greatest common factor of 1092 and 2028?
156
What is the greatest common factor of 24 and 24216?
24
Calculate the highest common divisor of 3567 and 174.
87
Calculate the greatest common divisor of 143 and 121.
11
What is the highest common divisor of 4650 and 25?
25
Calculate the greatest common divisor of 78018 and 6.
6
What is the greatest common divisor of 84 and 105?
21
Calculate the greatest common factor of 21832 and 8.
8
What is the greatest common factor of 327 and 872?
109
What is the highest common divisor of 10737 and 27?
9
What is the highest common factor of 565 and 5?
5
What is the greatest co